s 4 + (-2 - 5) - -3?
0
Evaluate 4 - 3 - (0 + -1 - 0).
2
What is the value of -3 - ((7 - 10) + 4) - -5?
1
Calculate -8 - -12 - 12 - -4.
-4
Calculate -12 - -3 - (-2 - 0 - 2).
-5
Calculate -2 + -1 + (-1 - -2) + -1.
-3
What is the value of 4 + -3 + 1 + -3?
-1
What is 10 - 8 - (-1 + -1 - 0)?
4
Calculate (-6 - -4) + 1 + -3.
-4
Calculate 1 + (1 - -3) + -2.
3
Evaluate 3 + -2 - ((13 - 21) + 7).
2
Evaluate 12 + -17 + -1 + -3.
-9
What is -6 + 8 + -13 - -9?
-2
What is the value of (3 + -6 - -8) + -11?
-6
-3 + (3 - (3 - -5)) + 6
-2
Evaluate 4 - (-4 - (7 - 10)).
5
What is -1 + -4 + (11 - -2) + -3?
5
Calculate 3 + 2 + 0 - (5 + -3).
3
-14 - ((-2 - -11) + -15)
-8
What is 0 + (13 - 15 - 4)?
-6
Calculate 4 + 5 + (-1 - 6) + 4.
6
Evaluate -6 - 1 - -5 - (-2 - -2).
-2
Evaluate -1 + 4 + -6 + -1.
-4
What is the value of -9 - (-4 + 7 - 7)?
-5
6 + 0 + (-8 - 4)
-6
Calculate (0 - (3 - 5)) + (-8 - -2).
-4
Calculate (-39 - -28) + 5 + 10.
4
What is the value of 2 - (2 + 0 + 2)?
-2
What is 1 + 1 + -9 - -12?
5
Calculate -11 + 10 + (-7 - -2).
-6
(0 - (2 - -2)) + 8
4
(-3 + 0 - -1) + 2 + 5
5
16 - 16 - (7 + -3 + -3)
-1
Evaluate 4 + ((-4 - -4) + -4 - 3).
-3
(1 - 1) + -3 + 4
1
Calculate -6 - (-1 - -4 - 11).
2
What is 0 - (-1 + -1 - (-21 - -18))?
-1
What is 0 - (0 + 2 + -3 + 4)?
-3
Evaluate -11 + 6 + (-8 - -7).
-6
What is 14 - (13 - (1 - (1 - 7)))?
8
Evaluate (4 - (-3 + -3 - -4)) + 0.
6
-7 + 13 - (4 - 1 - -1)
2
What is the value of 2 - (6 - (-7 + 7))?
-4
-7 + (-1 - -10 - 5)
-3
Evaluate (-10 - 0) + (-12 - -17) - -3.
-2
What is the value of (29 - 31) + -2 + 0?
-4
0 - (2 - 4) - 7
-5
5 + (-3 + -1 + -5 - -6)
2
What is (-8 - -6 - -18) + -7?
9
Evaluate 23 - 30 - (0 + -2).
-5
Evaluate (-29 - -40) + (-5 - 1 - -1).
6
What is -5 + 5 + 4 - 9?
-5
What is the value of (1 - (-2 - 0)) + (6 - 6)?
3
(3 - -2) + (13 - 19 - -3)
2
Evaluate (1 - 4) + (-4 - -7).
0
Evaluate (-17 - -6) + -8 - -11.
-8
What is 3 + -1 - (0 + 6 + 0)?
-4
Calculate 6 + 3 + (2 - (-1 - -7)).
5
What is 1 + (5 + -4 - -4) - 6?
0
What is the value of 2 - (6 - (-3 + 7))?
0
Calculate 8 - (10 - (6 - -2)).
6
Calculate -22 + 20 - (-2 - 3).
3
What is (-1 - 0) + 3 - 0 - -3?
5
7 + -15 - (-2 - -4)
-10
Evaluate 1 - (-7 - (-5 - (4 - 12))).
11
Calculate 1 + (-6 - (-7 - 2)).
4
What is (1 - 7) + (-1 - -4)?
-3
What is the value of (-3 - -1) + -5 + 2 + 2?
-3
What is the value of (-19 + -3 - -9) + 6?
-7
Calculate 25 - 24 - (0 - 6).
7
What is -10 + -2 + (0 - -6) + 5?
-1
4 + (-2 - (4 - 8))
6
(8 - 22) + 1 - -13
0
2 + -1 + (0 - (4 + -4))
1
What is the value of 7 + -4 + -8 + 9?
4
What is (0 - 8) + (25 - 22)?
-5
Calculate (5 - -2) + (-2 - -7 - 9).
3
What is 3 + (0 - 2) + 2?
3
What is the value of 10 + -11 + (5 - 4 - -4)?
4
What is (-1 - (-1 - (7 + -1))) + -7?
-1
Calculate (2 - 1 - -4) + (-5 - 1).
-1
What is the value of -1 - (-4 + -1 + 7)?
-3
What is the value of 3 - (-4 - 2) - (-4 + 7)?
6
Calculate (-10 - (-2 + -2)) + (-1 - -4).
-3
What is the value of (5 - 1) + -3 + 0 + -1?
0
Evaluate -7 + 7 - (6 - 1).
-5
Calculate -1 - 2 - (-3 + 7 - 9).
2
Calculate 9 + -2 + -6 + (7 - 5).
3
-4 + (17 - 7 - 1)
5
Calculate 24 - 20 - (-1 + 1).
4
Calculate -2 - (0 + (-15 - -4) - -4).
5
Evaluate 25 + -21 - (4 - 1).
1
What is the value of 9 + 0 + (-6 - 1)?
2
What is -9 - (-11 - (-8 + 4))?
-2
Evaluate (-5 - (-5 - -10)) + 6.
-4
Calculate (1 - 5 - 0) + (-10 - -12).
-2
-7 - (14 + -20 + (1 - 6))
4
Evaluate -3 - (2 + -3 + (-3 - -1)).
0
What is the value of -1 + (-1 + 3 - 2) + -1?
-2
Evaluate 6 - (-6 + 8 + 8).
-4
Evaluate -7 - (5 - 3) - -15.
6
Calculate 5 - 1 - (2 + -2).
4
Evaluate -4 + 2 - (0 + -3) - -4.
5
What is -10 + 7 - (-3 + 5)?
-5
(6 - -4) + -3 + -2
5
What is the value of -5 + 1 - (-6 - 0)?
2
Evaluate 4 + (5 - 5) + -5 - 4.
-5
What is -7 + 9 + -2 - (0 - -2)?
-2
Evaluate 0 - (-2 - -4) - -2.
0
Evaluate -6 + (13 - 24) + 15.
-2
-1 - (-1 - -4) - -4
0
11 - (5 + 3) - -7
10
What is the value of -1 - ((-6 - -14) + -3) - -5?
-1
Evaluate (0 - (4 + -3)) + -2.
-3
What is 4 - (12 - (1 + 9))?
2
2 - (-2 - -5 - 3)
2
What is (5 - 2) + -12 + 4 + 6?
1
What is the value of (-9 - -1) + (-3 + -1 - -7)?
-5
Calculate 5 + -1 + -1 + 5.
8
Evaluate 2 + 3 - (6 + -7).
6
What is the value of -3 - 3 - (-1 + -2)?
-3
-1 + 3 + -4 + 7
5
What is the value of 3 + 3 - (5 - -1)?
0
Evaluate 5 + 1 + (-1 - 6).
-1
-1 + (4 - (0 - -2))
1
What is (9 - 2) + (-26 + 4 - -9)?
-6
What is the value of (1 - (-13 + 2 - -5)) + -1?
6
0 - (2 + -1 + 1) - 4
-6
Calculate (1 - (-1 + -2)) + 12 + -7.
9
What is 5 + (8 - 7) - (0 - 4)?
10
What is -4 + (2 - 4 - (19 + -16))?
-9
What is the value of 0 + 0 + -2 + (0 - 0)?
-2
What is -8 - (2 + (4 - 9) - -1)?
-6
-3 + 5 - 2 - (-4 - -3)
1
What is 7 - 4 - (-3 + 11)?
-5
What is the value of -5 - (11 + -4 + -4)?
-8
Calculate -2 - (4 - 6) - -1.
1
-1 + 0 + (-7 - -4)
-4
-1 + -5 - (-43 - -44)
-7
Evaluate -5 - (-1 + -6) - 3.
-1
-2 + 1 + -4 + 5
0
Evaluate 2 + 1 + -5 + 0.
-2
What is the value of 17 + -9 + -15 + 6 + -1?
-2
Evaluate -1 + (-2 - -4) + -38 + 42.
5
6 - (-1 - (-2 + 2))
7
Evaluate -10 + -5 - -13 - (-6 + 1).
3
Calculate -3 + -1 + -8 + 7.
-5
-5 - (-11 + 6 - (1 - 3))
-2
What is 8 + -11 + 9 - 11?
-5
What is (-3 - -2) + 3 - -2 - -3?
7
9 + 9 + 11 + -27
2
(-4 - (3 + -13 + 2)) + -6
-2
Evaluate (4 - -4) + -16 + 2.
-6
Evaluate (73 - 74) + (-2 + 1 - 3).
-5
Evaluate (-5 - (7 + -2)) + 14.
4
Calculate (7 - 4) + -4 - 3 - -3.
-1
Evaluate 12 + -14 + (-1 - -4) - -4.
5
What is -2 + -2 + (2 + -7 - -8)?
-1
Calculate 13 + -9 - (3 - 1).
2
What is 5 - (24 - 4 - 10)?
-5
Calculate (10 + -22 - -6) + 6.
0
Evaluate -8 + 5 + (-1 - -3).
-1
What is the value of 4 + (-11 - -9) - 1?
1
Evaluate -1 + 0 + 9 + -6.
2
Calculate 0 + (1 - 2 - (-6 + 3)).
2
Calculate (-5 - (-3 + -2)) + -2.
-2
Calculate 0 - (-4 + 4 + 4).
-4
What is -2 - (-1 + -1 + 4 + -2)?
-2
Calculate 6 + -4 + 4 + (1 - 1).
6
What is -23 - -18 - ((0 - -1) + -4)?
-2
Calculate (1 - 3) + -4 + 1.
-5
Evaluate -2 + (-1 - -3) - -1.
1
Calculate 37 + -38 - (-3 + 2 + 2).
-2
What is 2 - (2 - 7) - 3?
4
What is 1 - 0 - (-4 + 12 + -8)?
1
Calculate (6 - (3 + 3)) + -5.
-5
Evaluate 0 + -17 - (-29 - -20).
-8
What is the value of (-3 - -1) + (-4 - -8 - 7)?
-5
-2 + 8 + 7 + -7 + -1
5
Calculate 10 + (-1 - 1) + -1.
7
What is 4 + (-8 + 0 - -2)?
-2
Evaluate 5 + -1 + (3 - 4) + -3.
0
Evaluate -2 + 1 + (-12 - -15).
2
Evaluate 10 + (1 - (-11 - -22)).
0
What is the value of -8 + (2 - (7 + -8 + 0))?
-5
Calculate (0 - (0 - -1)) + -4 + 8.
3
What is the value of 0 + 1 - (27 + -31)?
5
-3 + (7 - -1) + -2
3
6 - 2 - (-1 + 10)
-5
What is the value of (3 - (5 - (6 + -1))) + 2?
5
Calculate -10 - (-8 - (2 + -3)).
-3
(2 - 2) + (0 - 3)
-3
Evaluate 9 + (-1 - (7 + 3)).
-2
What is the value of (13 - (1 - -2)) + (-10 - -6)?
6
What is 19 + -12 - (4 + 3)?
0
Evaluate 4 + 7 + (-14 - -2) + 4.
3
What is 21 + -14 - (13 - 3)?
-3
8 + -7 + 4 + 1
6
What is -3 - (-11 + 1 + 3)?
4
What is the value of (13 - (4 + 0)) + -5 - -1?
5
Calculate 2 - (-3 + 6 + -3).
2
Evaluate -8 - -3 - (-2 - -3 - 9).
3
Evaluate 3 - (3 - (-5 - -14) - -3).
6
What is the value of -1 + 4 + (-17 - -6) + 14?
6
Evaluate -13 - -5 - -2 - -15.
9
Calculate (4 - 0) + -1 - (2 - 0).
1
What is the value of 3 - (6 + -16 + 10)?
3
What is the value of 5 + -4 + 9 + -6?
4
(6 - 3) + (1 - 4)
0
What is -7 - (6 - (4 + 4))?
-5
Calculate (-3 - 0) + (0 - -7) + -2.
2
What is 0 + 0 - (12 + -7)?
-5
-3 + 1 - (1 - 3)
0
What is the value of -11 + 0 + (54 - 45)?
-2
What is 21 - 15 - (7 + -1)?
0
Evaluate (2 - 3) + (-3 - (3 + -5)).
-2
Calculate -4 + (4 - (2 + 0)).
-2
4 - (-5 + 3 + 1 - -6)
-1
Evaluate (-1 - -4) + (3 - 17 - -11).
0
What is 3 + 1 + -13 + (-6 - -10)?
-5
Evaluate -6 - (0 - 0 - 3).
-3
What is 16 + -17 - (0 - -1)?
-2
-1 + (5 - 0) - (7 - -1)
-4
Calculate (-9 - -15) + (-2 - (-1 + 5)).
0
-8 + 0 + 19 - 9
2
Evaluate 1 + 6 - ((9 - 9) + 0).
7
What is the value of -1 + (-4 - -12) - 3?
4
Evaluate (15 - 13) + (-3 - 6) + 11.
4
Calculate 5 + -11 + (12 - 1).
5
Evaluate (0 - (-7 - -9) - -1) + 7.
6
Evaluate 4 + 4 + -9 + 0 + 0.
-1
Calculate (-7 - (-4 + 2)) + 4.
-1
What is the value of -7 + 9 + -5 + 1?
-2
-13 - (-4 + -3) - (1 + -5)
-2
What is the value of -2 - 8 - (-2 - -2) - -3?
-7
Calculate -1 - (-11 + 10 + -5 + -1).
6
4 + (7 - 10) + -6
-5
Calculate -24 - -30 - ((-3 - -11) + 0).
-2
Evaluate 5 + (5 - 10) - -3.
3
-4 - (-4 - -5 - 0)
-5
7 - (-2 + 6 - (16 + -10))
9
-21 - -15 - (2 - (2 - -2))
-4
Calculate -20 + 